et x be s(7). Give z(x).
6
Let g(m) = -39*m**2 + m - 1. Let u(r) = -116*r**2 - 3*r - 8. Let l(s) = -3*g(s) + u(s). Let w = 5 + 1. Calculate l(w).
-5
Suppose 37*s = -13*s + 50. Let b(k) = -15*k - 1. Give b(s).
-16
Let f = 136 - 115. Suppose 0 = 3*r + 3*t + f, 0 = 3*r - 2*r - 4*t - 8. Let w(n) = -4*n - 4. What is w(r)?
12
Suppose 0 = 3*n + 5*n + 8. Let b(t) = -4*t**2 - t - 2. Determine b(n).
-5
Let r(f) = f + 1. Let u be 2/(-4) - (-14)/4. Let v(p) = -4*p**2 + 33*p - 8. Let x be v(8). Suppose u*c = -x*c + 18. What is r(c)?
7
Suppose l = -4*t + 5*l - 4, 4*l - 1 = 5*t. Let d(m) = -m**t - 4*m - 11*m**2 + 0 - 7 + 17*m**2. What is d(5)?
-2
Let l = 1 + 1. Let q(z) = -3*z**3 - 2*z**2 - 7*z. Let h(n) = 5*n**3 + 6*n - 3*n**3 + 10*n**2 - 8*n**2. Let j(g) = -5*h(g) - 4*q(g). Give j(l).
4
Let n(u) = 2*u**2 + 2*u**3 - u**3 - 3 - u - 2*u - 5*u**2. Let y = -20 + 36. Suppose 6*v - y = 2*v. Give n(v).
1
Let f(h) be the second derivative of -h**6/720 + h**5/12 + h**4/6 - h. Let y(p) be the third derivative of f(p). Let u be 13 + -3 + -12 + (7 - 0). Give y(u).
5
Let p(t) = 3*t - 1. Suppose -24 = 6*o + 30. Let z = 9 + o. Suppose 3*s + 3 = -3*k, -4*k + 11 + 1 = z. What is p(s)?
-13
Let d(t) = t**2 + 1. Let s(a) = a**2 - a - 1. Let m(x) = 5*x**2 - 5*x + 8. Let z(u) = m(u) + s(u). Let h(b) = -5*d(b) + z(b). Calculate h(6).
2
Let y(r) = 7*r**3 - r**2 - r - 1. Let m(w) = -2*w**2 + 2*w + 8. Let z be m(4). Let j = 18 + z. Suppose 2*v = -3*g - 5, -4*v = -j*g + v + 3. Determine y(g).
-8
Let s(w) = 4*w + 9 - w + 5*w + 4*w - 14*w. Give s(10).
-11
Suppose 0*b - 8 = 4*b. Let g(i) = 4*i - 1 - 2*i**2 - i**3 + 7*i + 0*i**3 - 10*i - 2*i. Determine g(b).
1
Let q(s) = -2*s - 1. Let g(a) be the first derivative of a**2/2 - 8*a + 8. Let i be g(11). Calculate q(i).
-7
Let f(v) = 23*v. Let g(m) = 4*m. Let u(l) = -6*f(l) + 34*g(l). Give u(3).
-6
Let q(p) = 4*p**2. Let h(x) = 2*x - 15. Let g be h(8). Determine q(g).
4
Let o(k) = -65900 + 65900 - k - k**2. Let x = 1 + -3. Determine o(x).
-2
Let l(y) = -y**2 + 24. Let d = 976 + -976. Calculate l(d).
24
Suppose 1 = k + 3. Let z(g) = -g**2 - 3*g + 4. Let b = 27 - 18. Let t(n) = 4*n**2 + 13*n - 17. Let y(s) = b*z(s) + 2*t(s). Calculate y(k).
0
Suppose 2*t = -18*t - 100. Let c(n) = 5*n - 2 - 2*n**3 + 3*n**3 + 3*n**2 + 3*n**2. Calculate c(t).
-2
Let f(m) = 3*m**2 + m + 5. Let o(g) = 5*g + 3 + 2*g - 5*g - g + 2*g**2. Let y(n) = -3*f(n) + 5*o(n). Give y(-2).
0
Let s(b) = 1 - 3*b + 2*b - 3*b + 3*b. Suppose -6 = -6*y + 6. What is s(y)?
-1
Let h(d) = -d**3 + d**2 - d + 1. Let s(y) = -8*y**3 + 13*y**2 - 5*y + 9. Let g(z) = -7*h(z) + s(z). Calculate g(7).
-33
Let m = -1480 - -1476. Let n(o) = -4*o + 3 - 2*o**2 - o + o. Determine n(m).
-13
Let s(o) be the second derivative of o**4/12 + o**3 - 4*o**2 - 2*o. Let g(i) = i**2 + 5*i - 2. Let q be g(-4). Give s(q).
-8
Let u(o) be the first derivative of -o**4/4 - 2*o**3 - o**2 + 5*o - 165. Determine u(-4).
-19
Suppose 61 = -5*i - 54. Let l = -19 - i. Let p(r) = -3 - l + 5*r + 5 + 1. Determine p(-1).
-6
Suppose -3*n + 4 = -5*z, z - 2*n + 10 = 5*z. Let a(x) be the first derivative of 7 + 9*x + 0*x - z + 1 + x**2. Give a(-6).
-3
Let y(k) = -8*k**3 - 6*k**2 - 16*k + 3. Let c(x) = 3*x**3 + 3*x**2 + 7*x - 2. Let h(s) = -5*c(s) - 2*y(s). Determine h(4).
8
Let c(j) = 44*j**2 + 5*j + 46*j**2 - 137*j**2 - 6 + 48*j**2. Calculate c(-5).
-6
Let y(f) = -2*f**3 + f**2 + 3*f + 5. Let u(d) = d**3 + d + 1. Let v be (4/(-5))/((-14)/35) + 2. Let a(i) = v*u(i) - y(i). What is a(1)?
5
Let p be 833/(-140) + (3 - -3). Let k(w) be the second derivative of 0*w**3 + w + 0 - p*w**5 + 2*w**2 - 1/2*w**4. What is k(-6)?
4
Let y(c) = -1028*c**3 - 6 - 1022*c**3 + 2051*c**3 - 7*c**2 - 4. Determine y(7).
-10
Suppose -3*d + 24 = z, 90*d - 85*d - 50 = -5*z. Let v(g) = -9*g + 3 + g**2 + 9 - 3. What is v(d)?
-5
Let r(u) be the second derivative of 1/12*u**4 - u - 2 + 7/2*u**2 + 11/6*u**3. Determine r(-7).
-21
Let b(g) = -4*g. Suppose 0 = -0*y + 3*y. Let d(q) = q + y*q + q + 3*q. Let h(r) = 6*b(r) + 5*d(r). Calculate h(4).
4
Suppose 6*t + 0*t = 2*t. Let g(w) be the third derivative of 4*w**2 - 1/12*w**4 + t + 0*w - 1/12*w**5 + 1/6*w**3. Calculate g(1).
-6
Let v(a) be the second derivative of a**3/6 - 2*a. Let c(i) = -5*i - 1. Let o(q) = c(q) + 6*v(q). Suppose 25 = m + m - 3*y, m + 4*y = -15. Calculate o(m).
4
Suppose -q - 7 = 4*j, 2*j - 19 = -5*q - 0*j. Let f(v) = -9*v**2 + 2 + 8*v**2 - q - 4*v. Calculate f(-2).
1
Let l(s) = 14*s**2 + 4*s - 6. Let w(p) = p**2. Let a(h) = -12*h**2 - 3*h + 5. Let q(c) = a(c) - w(c). Let m(x) = -4*l(x) - 5*q(x). What is m(-1)?
9
Let p(s) = -s + 5. Suppose -63 = -5*u - 2*z + 5, u + z - 16 = 0. Let n be p(u). Let r(i) = -i**2 - 8*i - 5. What is r(n)?
2
Let v(g) = -g - 2. Let i = 97 - 68. Let t = i - 23. Suppose 0 = -2*b + 2 - t. Determine v(b).
0
Let s be ((660/45)/(-11))/((-4)/15). Let p(c) be the second derivative of c**3/6 - 5*c**2/2 + 2*c. What is p(s)?
0
Let c(r) = 3*r + 3. Let w be c(-5). Let g = -35 - -21. Let q = w - g. Let u(t) = 2*t**3 - 2*t**2 + 2*t - 1. Determine u(q).
11
Let z(u) = -6*u**3 + 21*u**3 - 6 - 10*u**3 - 4*u**3 + 5*u**2 + u. Determine z(-4).
6
Suppose l + 3 + 2 = 0, z - 4*l = 20. Let h(t) = -2 - 4*t - 14*t**2 + z*t + 15*t**2. Suppose -7*w + 8*w - 5 = 0. Calculate h(w).
3
Let j(n) = 316*n + 336*n - 642*n + 8 + 2*n**2. Determine j(-4).
0
Suppose -5*h = 4*z - 15, 4 = -3*h + 1. Let k(u) = -u**3 + 9*u**2 - 19*u + 1. What is k(z)?
6
Suppose -5*d + 0*d - 14 = 3*x, 0 = 5*x + 2*d + 36. Let l(y) = -y**3 - 8*y**2 + y + 12. What is l(x)?
4
Let u(t) = 2*t + 22. Let r be u(-14). Let v be r/(-9)*4*(-12)/(-16). Let g(o) = 4*o - 2. Give g(v).
6
Suppose -6*o - 59 = -o - 2*u, 0 = -3*o + 5*u - 43. Let q(z) = z + 17. Calculate q(o).
6
Let j(u) = 9*u**2 - 83*u + 12. Let s be j(9). Let q(n) = -n**2 - 7*n - 13. Give q(s).
-7
Let y(d) = 1060*d**2 + 1058*d**2 - 3 - 2117*d**2 - 5*d. Give y(6).
3
Let v(j) = j**2 + j - 6. Let c(l) = l - 5. Let w be c(6). Suppose 5*t = w + 9. Suppose -t*r + 7*r = 0. Calculate v(r).
-6
Let u = 34 - 29. Suppose 3*d = 15, 3*c + 0*d + d - u = 0. Let p(n) = -4 + 2*n - n - 2*n. What is p(c)?
-4
Let w(a) = 2*a**2 - 17*a + 17. Let l be w(9). Let b(t) = -l + 25 - 4*t + t - 4*t. Determine b(-1).
6
Suppose -5*s = 4*i - 13, i = 4*s - 8 - 15. Suppose 5*z - 5*x + 10 = 0, -6*z = -z - 2*x - s. Let b(q) = 2*q + 19 - 25 + 8 + q**3 - 5*q**2. Calculate b(z).
-10
Let f = 3 + -2. Suppose 4*q + 8 = m, 0 = -5*q - 2*m - 1 + 4. Let u(d) = 2*d**3 - 4*d**2 + d - 3. Let k(y) = y**2 + 1. Let i(p) = q*u(p) - 3*k(p). What is i(f)?
-2
Let w(o) = 2*o + 2*o + 1851*o**2 + o**3 - 2 - 1846*o**2. Calculate w(-4).
-2
Suppose a - 5*a = f - 1, -5*a - 3*f - 4 = 0. Suppose -2*g + 1 = -o, -4*g + 4*o = 3 + 1. Let c(j) = -g - 4 + 6 + 4*j. Give c(a).
4
Let j(h) be the first derivative of -h**3/3 + 4*h**2 - h - 193. Give j(6).
11
Let c = -2 - -2. Let j be (2/8*c)/(-2). Let b(v) = -3 + 6 - 4 + j*v**2 - 3*v + 2*v**2. Calculate b(-2).
13
Let j(d) = 3*d**3 - 2*d**2 - d - 5. Let a(o) = -5*o**3 + 4*o**2 + 2*o + 9. Let l(s) = -4*a(s) - 7*j(s). Give l(2).
-19
Let m = 2 + 6. Let w(q) = q**2 - 8*q + 2. Let i be w(m). Suppose -4*s - 12 = -i*r, 3*s + 4 = 2*r - 5. Let h(d) = -d**2 + 3. What is h(s)?
-6
Suppose -31 = -6*m - 85. Let t(x) = -x**3 - 10*x**2 - 11*x - 13. What is t(m)?
5
Let f be ((-10)/(-12))/((-10)/(-60)). Let s(b) be the second derivative of -b**3 + 0 - 3*b**2 + 1/20*b**f + 11*b + 1/3*b**4. Give s(-5).
-1
Let q(l) = l**2 - 5*l + 2. Let z be q(5). Let c(d) = -4 + 1 + z - 2*d**2 - 2*d - 3*d**3. Let t = 70 + -71. What is c(t)?
2
Let s(p) = p + 13. Let t be s(-10). Let u(d) = -3*d. Let n(b) = -b. Let z(w) = t*u(w) - 8*n(w). Suppose -3*q + 6 = 5*j, 3*j = q - 3*q + 3. Determine z(j).
-3
Let u(r) = -4 - 1 - 19*r**2 + 35*r**2 - r - 17*r**2. Determine u(-4).
-17
Let b(x) = -2*x**2 + 6*x - 9. Let p = 1367 - 1362. Determine b(p).
-29
Let a be 21/(-12)*(-52)/78. Let t(n) be the second derivative of -9/2*n**2 + 5/12*n**4 + n + 0 - 1/20*n**5 + a*n**3. Calculate t(6).
-3
Let f(t) be the third derivative of -t**4/8 - t**3/6 + t**2. Let n(w) = w**3 + 18*w**2 - 174*w + 23. Let c be n(-25). Give f(c).
5
Suppose -434*t = -440*t. Let v(m) be the third derivative of -6*m**2 + 0*m + 1/120*m**6 - 1/30*m**5 + t*m**3 - 1/12*m**4 + 0. Determine v(3).
3
Suppose -6